- 4*r = 140, -3*r + 93 = 4*n - 127. Suppose 2*u + 5*z - n = 3*z, -u + 28 = -z. Suppose -3*i = -3 - u. What are the prime factors of i?
2, 5
Let n(g) = 6*g**2 + 37*g + 121. What are the prime factors of n(-22)?
3, 11, 67
What are the prime factors of (-25584)/(-32)*(-6)/(-9)?
13, 41
Suppose 2*q + 277 = -4*m - 233, 253 = -2*m + q. Let l = -84 - m. Suppose 5*g = l + 27. What are the prime factors of g?
2, 7
Let c(w) = 4*w + 6. Let q be c(-3). What are the prime factors of 353/6 - 1/q?
59
What are the prime factors of 6798/5 - ((-272)/(-20) - 13)?
3, 151
List the prime factors of (-369)/12*704/(-132).
2, 41
Suppose 0 = -2*k - 2 - 8. Let i be -1 - 2 - (3 + k). What are the prime factors of (1 + 2 - 14)/i?
11
Suppose 73*x + 44 = 77*x. Suppose 414 = -x*v + 17*v. What are the prime factors of v?
3, 23
Let d(f) = -15*f - 9. Suppose -l + 9 = -4*l. List the prime factors of d(l).
2, 3
Let q = 1 + -1. Suppose 0 = 5*c - q*c - 15. What are the prime factors of c?
3
Suppose 5*c = -k + 58, -3*c + 0*k - 3*k = -30. What are the prime factors of -10*1*(-18)/c?
3, 5
Suppose -h = 3*h - 16. Let n(c) = 23*c. List the prime factors of n(h).
2, 23
Let c(v) = -v**3 - 17*v**2 + 127*v + 41. What are the prime factors of c(-26)?
3, 941
Let v = 220 + -122. Suppose -3*b - 171 = -2*o, -2*o + b = -3*o + v. List the prime factors of o.
3, 31
Suppose 2*w = -5*d - 20, -2*d + 2 = -3*w + 10. What are the prime factors of -5*(94/d + 3/6)?
5, 23
Suppose -21*t + 20581 = -50336. List the prime factors of t.
11, 307
Suppose 0 = 2*i - 1 - 1. Let m(z) = 181*z - 5. List the prime factors of m(i).
2, 11
Suppose -4*v + 4 = -8. Suppose 0 = -3*c - 6, v*z - 16 = 4*c - 2*c. Suppose 9*r - z*r = 65. List the prime factors of r.
13
Let x(u) = 4*u - 27. Let s be 264/36 - (-4)/6. What are the prime factors of x(s)?
5
Suppose -2*g - y = -12, -y = 5*g + 2*y - 31. Suppose 0 = 5*p - g - 5. What are the prime factors of -3 + p + 30 + 2?
31
Let k(t) = 4*t**2 - 11*t + 8. List the prime factors of k(-4).
2, 29
Let k(l) = 21*l**2 + 4*l - 29. List the prime factors of k(-5).
2, 7, 17
Suppose w + 3 = 3*u, 4*w + 1 = -4*u + 5. Suppose 3*m + w*m = -3*p - 129, -2*m = 8. Let o = 48 + p. List the prime factors of o.
3
Suppose 1023 = 4*f + 127. Suppose 0 = -34*u + 36*u - f. What are the prime factors of u?
2, 7
Let d(a) = -19*a - 26. List the prime factors of d(-9).
5, 29
Let l = -184 + -54. Let u = l + 444. What are the prime factors of u?
2, 103
Suppose -2*y = -4*m + 694 - 11756, 5*m = 4*y - 22139. List the prime factors of y.
3, 1847
What are the prime factors of 2/(-7) + (-3)/(-63)*8511?
3, 5
Let y = -152 - -229. What are the prime factors of y?
7, 11
Let z be (6/4)/((-6)/(-56)). Suppose -1 = y - z. What are the prime factors of y?
13
Suppose v + 514 = 3*v. Suppose -50 = 3*r - v. List the prime factors of r.
3, 23
Let j(k) = -38*k + 821. What are the prime factors of j(-50)?
3, 907
Suppose 5*m = 11*m + 30. Let g = 40 + m. What are the prime factors of g?
5, 7
Let c be ((-2)/5)/((-3)/105). Suppose y - 67 = -c. What are the prime factors of y?
53
Let q(k) = -k**2 - 14*k + 5. Suppose 9*z = 4*z + 270. Suppose 5*d + 50 = -h, 4*d = 6*h - 4*h - z. What are the prime factors of q(d)?
2, 19
Let t(a) = a**2 + a + 1. Let c(x) = 4*x**2 + 10*x + 4. Let f(q) = -c(q) + 3*t(q). Let l be f(-8). List the prime factors of 3 + -2 - 1 - l.
3
Suppose -2 = -2*z + 4, -v - 2*z + 10 = 0. Suppose -f = -0*f - 126. Suppose v*k = k + f. What are the prime factors of k?
2, 3, 7
Let i = -1740 + 2472. Suppose -4*u + i = 2*u. What are the prime factors of u?
2, 61
Let a = -14 + 29. Let g be (-1)/(-5) + 402/a. Let j = g + -1. What are the prime factors of j?
2, 13
Suppose 0 = 2*f - 2*t - 45 - 647, -4*t + 371 = f. Let q be ((-12)/15)/((-4)/(-50)). List the prime factors of f/65 - (-4)/q.
5
Let x be -6 + 3 - (3 + 0). Let o be (x - 2)*2/(-4). List the prime factors of o/(3*(-6)/(-207)).
2, 23
Let w = -581 - -3308. List the prime factors of w.
3, 101
Suppose -1448 = -11*h + 3*h. What are the prime factors of h?
181
Suppose 0 = -4*g - 152 + 2856. What are the prime factors of g?
2, 13
Suppose -29 - 33 = -2*t. Let l = 19 + t. What are the prime factors of l?
2, 5
Let j(c) = -62*c**3 + 2*c**2 + c. Let z be j(-1). Let r = z + -17. What are the prime factors of r?
2, 23
Let m(n) = -6*n - 6. Let z be m(-3). Suppose -2*t + z - 6 = 0. Suppose t*f + 0 = -6, -2*u = -3*f - 110. List the prime factors of u.
2, 13
Let f(o) = -o**2 - 1 + 23*o - 11*o - 1 + 1. Let l(m) = -m**3 - 6*m**2 - 8*m - 7. Let j be l(-5). List the prime factors of f(j).
31
Let w = 427 - 128. List the prime factors of w.
13, 23
Let l(c) = 121*c**2 - 13*c - 29. List the prime factors of l(-4).
3, 653
Let i(a) = -104*a - 86. What are the prime factors of i(-7)?
2, 3, 107
Suppose 9*l = 12*l - 33. Suppose -2*x + 1 = l. What are the prime factors of x/(-2)*100/5?
2, 5
Suppose 13*g - 12*g - 3*r - 2276 = 0, r - 6778 = -3*g. What are the prime factors of g?
7, 17, 19
Let k be (2/3)/((-3)/(-27)). Suppose -k*r = 1 - 13. Suppose -4*y - 2*c = -86, y + 0*c = -r*c + 14. List the prime factors of y.
2, 3
Suppose 0*m + 7*m - 35 = 0. Suppose -s - m*s = -1566. List the prime factors of s.
3, 29
Suppose -41*u + 3570 = -36*u. What are the prime factors of u?
2, 3, 7, 17
Let m(z) = -19*z - 20. Let k be m(9). Let x = k - -276. What are the prime factors of x?
5, 17
Let l(k) = -85*k - 5. Let m be l(-4). Suppose -m = -o - 4*o. What are the prime factors of o?
67
Suppose -5*a + 10 = 0, a + 1754 = u + 6*a. What are the prime factors of u?
2, 109
Suppose -5*f + 3*k - 1035 = -3079, 3*f + 2*k = 1234. List the prime factors of f.
2, 5, 41
List the prime factors of (1 + (-6)/18)/((-2)/(-432)).
2, 3
Suppose 14 = 5*m - 26. Suppose k - 3*k - m = 0. What are the prime factors of k*2/((-8)/7)?
7
Let t = -45 - 110. Let s = t - -266. List the prime factors of s.
3, 37
Suppose -7*r - 10 = -2*r. Let y be 1/(r/(-6)) + 0. Suppose 3*m - 54 + y = 5*g, -4*g = 5*m - 122. List the prime factors of m.
2, 11
Suppose -4*a + 25 = -3*a + 4*n, -n - 125 = -5*a. List the prime factors of a.
5
Let i(o) = 4*o**2 + 4*o - 4. Let w be i(2). Let f = w + -17. Suppose -d = f*d - 44. List the prime factors of d.
11
Suppose 2*d + 8 = 0, -444 = 9*r - 5*r + 3*d. Let b = 137 + r. What are the prime factors of b?
29
Let t(m) = 6*m - 103. List the prime factors of t(35).
107
List the prime factors of (108/(-30))/((-6)/60).
2, 3
Let k(o) be the first derivative of -o**3/3 - 9*o**2/2 - 9*o - 13. Suppose 10 = -3*h - 0*h + 2*a, 3*a - 12 = 4*h. What are the prime factors of k(h)?
3
Let z = 39 + 859. What are the prime factors of z?
2, 449
Let y be (-63)/(-42) - 2/(-4). Suppose -4*m - 90 - 52 = -y*k, -3*k + 217 = -5*m. What are the prime factors of k?
79
Suppose -d + 1033 = q, 2*d + d + 3075 = 3*q. List the prime factors of q.
3, 7
Suppose -4*o + 7 = -9. Suppose -o*x - 256 = -12*x. List the prime factors of x.
2
Let v = -498 - -1260. List the prime factors of v.
2, 3, 127
Suppose 10*x - 3419 = 201. What are the prime factors of x?
2, 181
Suppose 0 = 52*p - 986 - 574. List the prime factors of p.
2, 3, 5
Let a(s) = 15*s**2 + 11*s - 25. Suppose 0 = -o + i + 4, -i = 5*o - 3 - 11. List the prime factors of a(o).
11, 13
Let r(h) = 13*h + 115. List the prime factors of r(20).
3, 5
Suppose 10 = 2*b - h - 3, 5*b = -5*h - 5. Suppose -4*c + 20 = -b. Suppose -2*u - 48 = -c*u. What are the prime factors of u?
2, 3
Suppose s - 1088 = 4*r, 0 = -4*s - 2*r + 6*r + 4292. List the prime factors of s.
2, 3, 89
Let h = -59 + 79. What are the prime factors of ((-27)/15 - -1)/(h/(-550))?
2, 11
Suppose f - 2452 = h, -5*h - 4898 = 4*f - 6*f. What are the prime factors of f?
2, 3, 409
Suppose -22 - 10 = 4*y. Let x be -3 - y - (-2 - -2). Suppose -x*q + 81 + 21 = 4*l, 0 = 2*l + 3*q - 52. What are the prime factors of l?
23
Let l be -1 + 7 - (1 + (-6)/(-2)). Suppose t + 3*k = 4*t - 372, -2*t - l*k = -240. What are the prime factors of t?
2, 61
Let d(o) = -2 + 3*o - o**3 + o + 0*o**3 - 2*o + 2*o**2. Let s be d(3). What are the prime factors of (-145)/s + 1*2?
31
Suppose 4*k = -4*l + 136, -3*k - 65 = -5*l + 121. Suppose 0*g - g = 0. Suppose g = -3*u - 0*u + l. List the prime factors of u.
2, 3
Let p be 33/77 - 227/7. What are the prime factors of (-2628)/p + 2/(-16)?
2, 41
Suppose -49 = a - 5.